te 5 + -8 - (2 + 3) - -2.
-6
What is the value of (2 - 8 - (0 - -2)) + 7?
-1
Evaluate -2 + -1 + (4 - 4).
-3
What is the value of -1 - (2 + -3 - 0)?
0
What is the value of 47 + -37 + (-4 - 6)?
0
What is the value of 10 + -2 + 2 + -13?
-3
What is 5 + -7 + (11 - 8)?
1
Calculate 6 - (4 + -1 + (2 - 2)).
3
Calculate -7 + 6 - (-4 + -4 + 8).
-1
What is the value of 16 - 22 - (-1 + 0)?
-5
What is 135 + -139 - (0 + (0 - 12))?
8
Calculate 145 - 133 - (0 - -19).
-7
What is the value of -7 + (-2 - -6) - -2 - -4?
3
(-2 + 3 - -6) + -7
0
Evaluate 0 - 2 - -7 - (-165 - -164).
6
Evaluate 9 - 5 - 5 - (3 + -1).
-3
Calculate 0 - -4 - (64 + -67).
7
What is the value of -12 - (11 + -3 - 5) - -5?
-10
What is -1 - -1 - (41 + -40)?
-1
What is 7 + (0 - 1) - (-68 - -76)?
-2
What is 0 + 0 - (9 + -12 - -5)?
-2
What is (-6 - -1) + 12 - 4?
3
What is (1 - 7) + -4 + (15 - 2)?
3
Evaluate (1 + -5 - -9) + -7.
-2
0 + 0 - (41 + -40)
-1
10 + 11 + (4 - 16)
9
Calculate -4 + (2 - -2) + -2.
-2
What is the value of 5 + 0 + (1 - (-2 + 6))?
2
Calculate 1 + -2 - (-9 - -12).
-4
What is -20 + 17 + (3 - -1)?
1
(61 - 62) + (-1 - -1)
-1
What is the value of 18 - ((6 - (2 - -4)) + 7)?
11
Calculate 1 + 3 + (-9 - 10 - -9).
-6
What is -7 - (-1 + -5) - -6?
5
What is the value of -2 - 0 - (16 + -28 + 16)?
-6
What is the value of 6 + -4 + (0 - (2 + -7))?
7
Calculate 1 + 2 + -1 + 2.
4
Evaluate 5 + (-10 - (0 + -9)).
4
-118 + 115 - (-1 + 6)
-8
What is 2 + 2 - -2 - 4?
2
What is (5 - 4) + -2 + 4?
3
What is 5 - 0 - (2 + 5)?
-2
Evaluate -7 + -1 - -4 - (12 + -11).
-5
What is the value of (1 - -2) + 4 + -5?
2
What is -3 + (1 - 2) + 5 - 4?
-3
Evaluate (0 - 1) + (-7 - (-13 - -13)).
-8
Evaluate -2 - 1 - (4 - (-4 + 8)).
-3
Calculate 2 - 4 - (3 - 1 - 4).
0
Evaluate 0 - (-9 + 6) - -3.
6
Evaluate -5 + 0 + 0 - -1 - -9.
5
What is 3 + -4 - -5 - 3?
1
Calculate 5 + -5 + (0 - -1).
1
Calculate (10 - 11) + (-7 - 0).
-8
Evaluate -4 - (0 + -1 + -12).
9
Calculate (0 - -1 - 1) + 1 + 2.
3
Calculate -5 + 7 - (-19 - -18).
3
Evaluate -8 + 5 + -3 + 1.
-5
What is (12 - (2 + 10)) + (5 - 0)?
5
Calculate (3 - (3 + 4 + -3)) + -4.
-5
-3 - (-1 + (3 - 3) + 2)
-4
What is -4 - (5 + -4 - 4)?
-1
What is the value of (2 - 9) + 10 - (-4 + 1)?
6
What is the value of -3 + (5 - 0) + (3 - 5)?
0
What is the value of -1 + (-4 - -1 - -4 - 4)?
-4
Calculate -6 + 12 - (0 + 8 + -4).
2
0 + 6 + (-1 + -1 - 1)
3
Evaluate -3 - (2 + -3 + 0 + 2).
-4
What is (6 - 2) + 7 + -11 + 2?
2
Calculate -36 + 45 - (-1 - -13).
-3
Calculate (-1 + 0 - (8 - 11)) + 1.
3
Evaluate 2 + (0 - -4) - (3 + -1).
4
(-10 - (1 + -2)) + 4
-5
What is the value of -1 - (-6 + (6 - (9 - 3)))?
5
Calculate -3 - -8 - (5 - 0).
0
What is the value of -48 + 51 - (0 - -8)?
-5
-3 + 11 + 7 - 11
4
-14 - -16 - (-1 - 0)
3
Calculate -5 - (18 + -24 + 4 + -1).
-2
What is 7 + (2 + -7 - (-6 + 4))?
4
What is the value of -4 - ((6 + 0 - 8) + 5)?
-7
Calculate (-3 - -2) + -13 + 15.
1
What is the value of -5 + (-6 - (4 - (6 + 7)))?
-2
What is the value of -6 + (6 - 0 - -4) - 1?
3
Calculate (-13 - (-12 + 6)) + 5.
-2
What is -3 - -3 - (-1 - -2 - -1)?
-2
What is 14 + 1 + -8 - 5?
2
What is -4 - ((3 - 5) + -5 - -2)?
1
What is the value of -8 - (1 + (0 - 2)) - -2?
-5
What is -5 + (-1 - 0) + 5?
-1
(8 - -3 - 3) + -8
0
What is the value of (-7 - -3 - -1) + 2?
-1
What is the value of -3 + (8 - (8 - (0 + 5)))?
2
Calculate (-1 + 2 - -1) + -2 + 0.
0
Calculate 3 - 2 - 4 - -2.
-1
What is -173 - -179 - (7 - -1)?
-2
Calculate -1 - 0 - (0 - -2).
-3
What is 0 + 1 - -2 - 5?
-2
Evaluate (2 + 2 - 3) + -4 + 3.
0
What is (-8 - (-9 + -1)) + 3?
5
Evaluate 6 + (2 - 12) + 0 + 6.
2
Evaluate -2 - -1 - (1 + 1).
-3
Calculate 6 - (2 + -5) - 1.
8
(23 - 19) + -6 + 0
-2
Evaluate (2 - 1) + -3 + 35 + -33.
0
7 - 0 - (-3 - -6)
4
28 + -27 - (1 + -3)
3
Evaluate -9 + 5 + 16 - 12.
0
What is (-7 - -1 - -5) + -1?
-2
Evaluate 2 + (29 + -41 - (-3 + -1)).
-6
What is the value of -13 + (6 - -4 - -2)?
-1
Evaluate 3 + 2 + (-1 - -3) + -3.
4
Calculate (-1 - -5) + (-7 - (1 + -5)).
1
What is the value of 2 + -4 + 0 + -3 - -7?
2
What is -9 - -7 - (-1 + 0)?
-1
Evaluate (2 - (3 - -9)) + 18.
8
What is -1 + 10 - (-49 - -58)?
0
(3 + -8 + 3 - -3) + 4
5
What is -7 - (2 - -3 - 10)?
-2
What is the value of -6 + -9 + -6 + 14?
-7
Evaluate 1 + -2 - (92 + -97).
4
What is the value of -23 + 20 + 7 + 1 + 0?
5
Calculate (-7 - 0) + 10 + -9.
-6
What is (-62 - -56) + 8 + 0 + 2?
4
Evaluate (-4 - -8) + -1 + -1.
2
What is the value of -2 + 2 + 13 + -20?
-7
Evaluate -10 + (-3 - -8) + -10 + 8.
-7
Evaluate (4 - -1 - (-1 - -1)) + -1.
4
Evaluate ((-1 - -3) + -5 - -1) + -1.
-3
Evaluate 1 + 13 + -10 + -1.
3
5 - -3 - 5 - (-8 - -16)
-5
1 + -2 + 2 + -3 - -2
0
-3 + 0 + -10 + 8 + 8
3
21 - 14 - (1 + 4)
2
3 + -1 + 0 + 1 - 3
0
What is 21 + -18 + (-12 - -3)?
-6
Evaluate 5 + -3 - (-2 + (-6 - -3)).
7
(2 - (3 - (-1 - -1))) + 1
0
What is 9 + -5 + -7 - -3?
0
(5 + -5 - -2) + 2 + 1
5
-39 + 41 + 1 + 1
4
What is 196 - 200 - (-1 + 0 - 0)?
-3
What is the value of -1 + (2 - 1 - -2) + 0?
2
What is the value of 3 + 0 - (-2 - (6 - 7))?
4
-10 + 9 + 6 + -4
1
Calculate (2 - 2 - 3) + (9 - 2).
4
What is -38 + 25 - (-9 - -1)?
-5
17 - 10 - (4 - -5)
-2
What is the value of 2 + 4 + -6 + -1 + -2?
-3
Evaluate -2 - -3 - (6 - (-1 + 2)).
-4
What is the value of -1 + 4 + -3 + (1 - -4)?
5
Evaluate -6 + (-8 - -7) + 6.
-1
What is -3 - (-9 - -1 - -6)?
-1
Evaluate 0 + 2 + 1 - (8 + -3).
-2
What is 3 - (-2 - -5) - 2?
-2
Evaluate -5 + (14 - 11) + 0 + 0.
-2
Calculate -2 + (7 - 0) - 7.
-2
3 - (-22 - -26 - (-5 - 1))
-7
What is (-4 - 0) + (-1 - -7)?
2
What is (-7 - -4 - (6 + -3)) + 6?
0
Calculate (6 - (6 - 3)) + -6 - -5.
2
Evaluate -1 + 1 + 4 + -3.
1
What is -1 + (19 - 18) + 5 + -1?
4
Calculate -22 + 17 - (2 - (7 + -3)).
-3
6 + -8 + (0 - (4 + -1))
-5
6 + (8 - 3 - 4) + -4
3
What is the value of -4 - 1 - (74 - 77)?
-2
What is the value of (-5 + 1 - -4) + (2 - 6)?
-4
What is the value of -5 + 1 - (-11 - -3)?
4
Evaluate (6 - 1 - 2) + 1.
4
What is the value of -3 + (4 - 9) + 14 + -1?
5
Evaluate 5 + 2 + -3 - 6.
-2
9 + -7 - (10 - (1 - -1))
-6
What is the value of -2 - (2 - (4 - (-3 - -6)))?
-3
What is -4 - -4 - 3 - -7 - 5?
-1
Evaluate 8 + 1 - (14 - 1).
-4
(7 - (2 - 1)) + -9 + 7
4
What is the value of -34 - -38 - (1 + 0)?
3
What is -7 - (-15 - -4 - -4) - -6?
6
What is 7 + 0 + (-1 - (-2 + 7))?
1
Evaluate -1 - (0 + 1) - (-1 + 4).
-5
Calculate -5 + -7 - (-24 - -14).
-2
What is -3 - -1 - 4 - -5?
-1
(-2 + (12 - 4) - 2) + 1
5
What is -1 - -3 - (-4 - -4 - -4)?
-2
Evaluate -7 + 18 + -8 + 4.
7
What is the value of (2 - 2) + (0 - (-3 - 0))?
3
Calculate -9 - (3 - 5) - (1 - 3).
-5
What is the value of (-9 - -5) + 9 - 2?
3
30 - 33 - (-2 + 0 + 0)
-1
Calculate 12 - (16 + -8) - 0.
4
Calculate -4 - 0 - ((-4 - 1) + 4).
-3
Evaluate (7 - (9 + -5)) + (1 - 2).
2
Evaluate -14 + (-5 - -2) + 11.
-6
What is the value of -8 - -11 - (1 - -2 - 0)?
0
What is the value of -2 + 4 + (-9 - -8)?
1
Evaluate 7 - (0 - -2) - (2 + 1).
2
Calculate 8 - (4 - (-4 + 3)).
3
Calculate 6 + -6 + (8 + -5 - 0).
3
What is the value of (9 - 3) + -9 - (-1 - 3)?
1
Calculate -4 + (2 - 3 - -3) - -3.
1
What is the value of -3 - (1 + -16 + 7)?
5
Calculate -3 + 3 - -3 - (-2 - 0).
5
Calculate (-6 - 0) + 2 + -1.
-5
-1 + 4 - (-1 + 2)
2
What is the value of -1 + 4 + -1 + 10 + -10?
2
What is -5 - ((2 - (0 - -4)) + -8)?
5
1 - (-11 - -1 - -5) - 11
-5
What is the value of (-1 - (-7 - -4 - -11)) + 4?
-5
What is (-13 - (16 - 31)) + (2 - 1)?
3
Calculate (-13 - -8) + (-4 - -8) + -3.
-4
What is the value of (1 + 2 - (6 + -2)) + 0?
-1
5 + 3 + 0 + -1 + -3
4
What is 1 + -12 + -3 + 9?
-5
Calculate (-13 + 8 - -3) + 1 + 1.
0
Evaluate 8 + -4 - (4 - 1).
1
What is the value of (-38 - -48) + (0 - 7)?
3
What is 12 + -8 + -12 + 5?
-3
Calculate 1 + 9 + -1 - 4.
5
What is 2 + 2 + 2 + -5?
1
What is 6 - (12 + -16 + 5)?
5
Calculate (3 - -3 - 5) + 7 + -3.
5
What is (-7 + 8 - (2 - 0)) + -3?
-4
-6 + (-3 - (0 - 8))
-1
(-5 - -2) + 21 + -10 + -6
2
1 + 3 - (1 + -3 - -1)
5
What is the value of 5 - 8 - 1 - (-3 - -3)?
-4
What is 11 + (-4 - 11) + 6?
2
-34 + 29 + (1 - -1 - -2)
-1
What is 1 + (-4 - -4) + (-3 - -1)?
-1
Calculate (-3 - -3 - -2) + 3 + 0.
5
-1 + (-7 - 2) - (0 - 2)
-8
Calculate (-7 - -6 - -9) + -2.
6
What is 3 + (15 - 16) + (-5 - -1)?
-2
What is -18 - -22 - (-2 - -11)?
-5
What is the value of 2 - (4 + -3 - 4)?
5
What is 0 - (9 - (12 + -8))?
-5
What 